/6*h**3 + 13/24*h**4 + 0*h - r*h**2. Determine l(1).
12
Let w(z) = -z - 8. Suppose 5*d - 60 = -5*s, d + 2*s = 3*s + 10. Suppose p = d*p. Give w(p).
-8
Let o(d) be the third derivative of d**4/24 + 11*d**3/6 - 27*d**2 - 11. Determine o(8).
19
Let o be (-2)/6 + 164/(-12). Let l be (21/o)/((-6)/20). Let w(c) = 0 + c + 7 - l. Determine w(4).
6
Let m(c) = 8*c**3 - 8*c**2 + 2*c - 1. Let b(s) = 41*s**3 - 44*s**2 + 11*s - 5. Let r(d) = 2*b(d) - 11*m(d). Let z be (-2)/(-2 - 4)*3. What is r(z)?
-5
Let g = 185 + -186. Let c(f) = -31*f**2 - 5*f. Let d(p) be the third derivative of 7*p**5/20 + p**4/8 + 3*p**2. Let w(h) = 5*c(h) + 8*d(h). Calculate w(g).
14
Let q(p) = 2*p**2 - p + p - p - 17 + 25 - 6*p. What is q(7)?
57
Let q(d) be the second derivative of d**6/240 + d**4/3 - 3*d. Let i(a) be the third derivative of q(a). Suppose -2*h = -3*h - 2, -3*h + 4 = -5*w. What is i(w)?
-6
Let y(c) = 2*c - 4. Suppose 14*z = -3 + 73. What is y(z)?
6
Suppose -a + 0*a = -3. Let v(u) = 1. Let b(w) = 2*w + 7. Let y(m) = b(m) - 4*v(m). Let q(f) = -f - 2. Let l(i) = a*q(i) + 2*y(i). What is l(0)?
0
Let u = -6 + 9. Let a(j) = 5 + 19*j + 19*j + 20*j - 79*j + 20*j. Calculate a(u).
2
Let s(g) = 7. Let z(m) = -m - 15. Let y(x) = 2*x**2 - 3*x + 3. Let i be y(2). Let o(u) = i*s(u) + 2*z(u). Give o(5).
-5
Let c be (-1)/(1/(-6)) - 4. Suppose -5 = -c*d + 5. Let v(q) = -q**3 + 5*q**2 + 6. Determine v(d).
6
Let x(j) = j**2 - 2*j + 4. Let l(n) = -20*n. Let s be l(0). Determine x(s).
4
Let b(d) be the second derivative of 0 - 2*d - 1/2*d**2 - 1/3*d**3. Let m(t) = t**3 + 19*t**2 - 45*t - 67. Let g be m(-21). What is b(g)?
7
Let m(h) = -7 + 2 + 0 - 50*h + 55*h + 1. Determine m(3).
11
Suppose 4*n - 21 - 7 = 0. Let f(m) = m**2 - 4*m - 4. Calculate f(n).
17
Let n(d) be the third derivative of -d**6/120 - d**5/20 - d**4/24 + d**3/2 + 6*d**2 - 31*d. Suppose 3*w = 15, 0*c + 5*c + w = -10. Give n(c).
6
Let q(r) = -r - 15. Suppose 2*o - 12 = 4*t + 18, -o = 5*t + 55. Give q(t).
-5
Let c(s) = -3*s**3 - 16*s**2 + 3. Let d(l) = -4*l**3 - 21*l**2 - l + 3. Let h(m) = 5*c(m) - 4*d(m). Determine h(-3).
0
Let o(j) = 33*j**3 - 2*j**2 + 3*j + 8 + 2 - 17*j**3 - 17*j**3 - 4*j**2. What is o(-6)?
-8
Suppose -115 = -h - 4*h. Let z = h + -18. Let j(k) = -1 + 1 - 2*k - 1. Calculate j(z).
-11
Let a(n) = -5*n. Let b be (-1 - 1)/((-14)/91). Let s(r) = 1 + b*r + 8*r + 5*r + 0*r. Let v(t) = -11*a(t) - 2*s(t). Give v(2).
4
Let v(i) = 5*i**2 - 2*i**3 + i**3 + 0*i**3 + 5 + i. Let p be (-1 - -4) + -3*(-4)/(-12). Suppose 4*d = -4, p*c + 6 = 5*d + 21. Calculate v(c).
10
Let f be (0 - 3/(-2))*-2. Let z(s) = 5*s**2 - 2*s - 3. Let i(m) = 13*m**2 - 6*m - 9. Let c(b) = -3*i(b) + 8*z(b). Determine c(f).
6
Suppose -4*q = 3*d - 107 - 76, d = -4*q + 181. Suppose -4*h - q = -4*z - h, 3 = 3*h. Let g(w) = 20*w + z*w - 32*w + 1 - w**2. Give g(1).
0
Let s(n) = 7*n - 5. Let p(r) = 1. Let f(b) = -6*p(b) - s(b). Give f(-1).
6
Let o(n) be the second derivative of -n**5/20 - n**4/12 + n**3/6 + 4*n**2 + n + 3. What is o(0)?
8
Let p(d) = 4*d**3 + 30*d**2 + 13*d - 6. Let b be p(-7). Let r(z) = -z**3 - z + 1. Determine r(b).
-1
Suppose 5*h - 5*c + 14 = -1, 0 = 2*h - 3*c + 11. Let j(s) = 0*s**3 - 3*s + s**3 + 0*s**3 - 5*s**h + 6*s + 1. Let u = 7 - 3. Calculate j(u).
-3
Suppose -9 = 4*j + 3. Let b(i) = -4*i + 1. Let p(a) = -13*a + 3. Let k(c) = 7*b(c) - 2*p(c). Calculate k(j).
7
Let i be 5 + 2/(-4)*6. Let g be ((2 + -2)/3)/i. Let f(p) = -6 - 5*p + 4*p + 14 + 4. Determine f(g).
12
Suppose -25*g = -36*g - 22. Let q(u) = 3*u**3 - 3*u**2 - 2*u. Determine q(g).
-32
Let g(c) be the first derivative of c**4/4 - 10*c**3/3 + c**2 - 15*c + 153. Give g(10).
5
Let o(z) = -6*z - 9. Suppose -d = 5*v - 0*d - 11, 3*v - 17 = 2*d. Let w(q) = -3*q - 4. Let f(h) = v*o(h) - 7*w(h). Suppose -2*c - c + 3 = 0. What is f(c)?
4
Let j(d) = 49*d**2 + 4*d. Suppose k = 3*k + 14. Let r(p) = 16*p**2 + p. Let l(b) = k*r(b) + 2*j(b). What is l(-1)?
-15
Let k(w) = -w**2 + 20 - 16*w + w**3 - 41 + 16*w. Give k(0).
-21
Let k be 5*(0 + -1)*-1. Let c(x) be the first derivative of x**3/3 - 2*x**2 + 64. Give c(k).
5
Let d(y) = 17*y**3 - y**2 + y. Let g be (2 + -1)*-3 + 1. Let q = g + 7. Suppose 2*a + 4*u + 2 + 8 = 0, 20 = q*a - 5*u. Give d(a).
17
Let p be ((-476)/(-42))/((-1)/(-9)). Suppose -5*i + p = i. Let u(k) = 6*k**2 + 1 - k**3 - 12*k**2 - 8*k + i*k + 4. What is u(-7)?
-9
Let x(i) = i - 9. Suppose 0 = -2*s + 2*d + 8, 0*d + 10 = s + 2*d. Determine x(s).
-3
Let r(v) = 15*v**3 - 25*v**2 - 25*v - 21. Let a(n) = -7*n**3 + 12*n**2 + 12*n + 10. Let s(b) = 13*a(b) + 6*r(b). Give s(7).
-3
Let y(l) = -2*l + 40. Let o be y(19). Let m(c) = 10*c - 4. Give m(o).
16
Let a(q) = -10*q - 36. Let d(o) = 28*o + 107. Let g(t) = -8*a(t) - 3*d(t). What is g(-10)?
7
Let j(u) = u - 4. Suppose -4*m = -4*b, -3*m - 6 = 4*b + 29. Give j(m).
-9
Let h(f) = 7*f**2 + 5*f - 12 - 6*f**2 - 7*f. Calculate h(5).
3
Suppose 0 = 5*t - 3*t - 10. Let y(o) = -3*o + 3*o + t*o**2 - o - o**3 + 0*o. Calculate y(5).
-5
Let w(c) = -5*c + 29. Let v(l) = l - 12. Let b(z) = 3*v(z) + w(z). Calculate b(-6).
5
Suppose -8*o + 4*o - 12 = 0. Let a(v) be the first derivative of v**2 - 108. What is a(o)?
-6
Let s(b) = b**2 + 10*b + 11. Let m be s(-9). Let h(l) = -3*l + 4 + 7*l - 3 + m. Calculate h(-2).
-5
Let k(t) = -2*t + 1. Let j = -253 - -259. Give k(j).
-11
Let d(m) = -8*m - m**2 + 24*m - 21*m + 3. Determine d(-6).
-3
Suppose -5*b + 2*c = -0*c + 16, 0 = -c + 3. Let q(t) be the first derivative of -7*t**2 + 8. Determine q(b).
28
Let g(m) be the second derivative of m**5/20 + 5*m**4/12 - m**3 - 3*m**2/2 - 109*m. Suppose -24 = -0*z + 4*z. Give g(z).
-3
Suppose 3 = -3*p, -j - 39 + 16 = 5*p. Let l = j - -9. Let x = -11 - l. Let c(u) = 5*u - 2. Give c(x).
-12
Let r(a) be the second derivative of a**4/12 + a**3/6 - 6*a**2 + a + 5. Calculate r(0).
-12
Let o(m) be the second derivative of m**5/20 + 3*m**4/4 + 2*m**3 + 7*m**2/2 - 16*m - 4. What is o(-8)?
-25
Let n(u) = u**3 + 3*u**2 + 2*u + 4. Let a(h) = 3*h**3 + 9*h**2 + 5*h + 11. Let k(l) = 4*a(l) - 11*n(l). Determine k(-4).
-8
Let u(f) = -f**2 - 7*f + 3. Let n(r) = r**3 - 6*r**2 + r. Let t be n(6). Suppose 0 = 10*w - t*w + 28. Give u(w).
3
Suppose z = o + 8, -5*z - 22*o = -17*o - 30. Let a(q) = -4*q + 5. Determine a(z).
-23
Let d(y) be the second derivative of y**5/20 + y**4 + 7*y**3/3 + 7*y**2 - 286*y. Give d(-11).
-19
Let x(l) = l**2 + 6*l - 2. Let v(z) = z**2 + 7*z - 1. Let q be v(-6). Let w be x(q). Let r(n) = n**2 - 5*n - 5. Determine r(w).
-5
Suppose 5*q - 5*c - 6 = 9, -11 = -4*q + 3*c. Let w(l) = 8*l + 3 - 4*l**q - 1 + 5*l**2. Give w(-6).
-10
Let r(d) = -d + 5. Suppose -3*i - 4*u - 13 = 0, 0*u + u = -2*i - 2. Suppose o - 31 = -5*y, 0*o + i = o. Give r(y).
-1
Let b(f) be the first derivative of f**3/3 - 3*f**2 + 2*f + 2003. Let s = 10 + -5. Determine b(s).
-3
Let i(g) = g**2 + 11*g + 2. Let o be i(-11). Let w(n) = 22*n + 2*n**o - 21*n - n**2. Suppose 4*k + 6 = k. Determine w(k).
2
Let d(r) be the second derivative of -r**3/3 + 7*r**2/2 + 52*r. Let x be d(8). Let q(f) = -f**2 - 8*f + 12. Determine q(x).
3
Let w(d) = -9*d**2 - 9*d + 7. Let s(q) be the first derivative of -4*q**3/3 - 5*q**2/2 + 4*q - 4. Let m(r) = -5*s(r) + 3*w(r). Calculate m(1).
-8
Let y(d) = -d**2 - 3*d + 5. Let n(m) = m**3 - 22*m**2 + 22*m - 27. Let c = -56 + 77. Let f be n(c). What is y(f)?
-13
Let u = -59 - -64. Let y(i) = i**2 - 7*i + 7. Determine y(u).
-3
Let x(l) = -4*l**2 + 9*l - 13. Let z(h) = -11*h**2 + 28*h - 38. Let t(v) = -8*x(v) + 3*z(v). Determine t(11).
1
Let o = 10 - 11. Let q be o + 0/2 - -3. Let v(f) = 2*f**2 + 5*f**q - f**3 - 3 + 9*f - 1 - 2. Give v(8).
2
Suppose 20 - 5 = 5*j. Suppose -4*i - j*m = -8, -5*i + 9 = -2*m + 6*m. Let s(n) = 5*n**2 + 0 - 4 - i*n**2 + 5*n - n**3 + 3*n**2. Calculate s(4).
0
Let q = 392 - 393. Let t(s) = 7*s - 1 + 3 - 1. Calculate t(q).
-6
Let q(z) = -20 + 87*z**2 + 35 - 84*z**2 + 7*z - 25. Give q(-4).
10
Let d(r) = r**3 + 4*r**2 - 2. Let l be d(-4). Let g(m) = 5*m**2 + 3*m + 3. Let w(c) = -6*c**2 - 3*c - 3. Let j(s) = 4*g(s) + 3*w(s). Give j(l).
5
Suppose -4*n = -y - 7, 3*y + 8 = y + 5*n. Let z(w) = w - 2. What is z(y)?
-1
Let s be ((-68)/10)/(4/(-20)) + 2. Let x(y) = 41*y + 1 + s*y - 71*y. What is x(1)?
7
Suppose 3*n - 40 - 41 = 0. Let s = -24 + n. Suppose 2*a = -5*p - s*a + 45